ed by 885.
145
Calculate the remainder when 233284 is divided by 177.
175
Calculate the remainder when 233458 is divided by 1487.
1486
Calculate the remainder when 9382 is divided by 3119.
25
Calculate the remainder when 148409 is divided by 170.
169
Calculate the remainder when 9136 is divided by 4350.
436
What is the remainder when 5618 is divided by 1107?
83
What is the remainder when 45879 is divided by 133?
127
What is the remainder when 8789 is divided by 2190?
29
What is the remainder when 11266 is divided by 453?
394
Calculate the remainder when 232056 is divided by 59.
9
Calculate the remainder when 106 is divided by 102.
4
What is the remainder when 14438 is divided by 229?
11
Calculate the remainder when 21967 is divided by 1367.
95
Calculate the remainder when 1747 is divided by 175.
172
Calculate the remainder when 726056 is divided by 307.
1
Calculate the remainder when 12525 is divided by 251.
226
Calculate the remainder when 90239 is divided by 60.
59
Calculate the remainder when 23277 is divided by 7309.
1350
What is the remainder when 131830 is divided by 643?
15
Calculate the remainder when 44978 is divided by 1986.
1286
What is the remainder when 907 is divided by 895?
12
What is the remainder when 2189 is divided by 82?
57
What is the remainder when 4614 is divided by 4405?
209
Calculate the remainder when 2366 is divided by 1317.
1049
What is the remainder when 29145 is divided by 28993?
152
What is the remainder when 15168 is divided by 4392?
1992
What is the remainder when 553540 is divided by 60?
40
Calculate the remainder when 11854 is divided by 2963.
2
Calculate the remainder when 78870 is divided by 101.
90
What is the remainder when 2468 is divided by 355?
338
Calculate the remainder when 45533 is divided by 711.
29
What is the remainder when 10324 is divided by 2525?
224
Calculate the remainder when 28635 is divided by 28614.
21
What is the remainder when 61916 is divided by 196?
176
Calculate the remainder when 476276 is divided by 392.
388
What is the remainder when 64929 is divided by 2946?
117
Calculate the remainder when 102772 is divided by 5704.
100
Calculate the remainder when 8543 is divided by 4263.
17
What is the remainder when 17595 is divided by 168?
123
What is the remainder when 970 is divided by 36?
34
What is the remainder when 15226 is divided by 34?
28
Calculate the remainder when 12576 is divided by 921.
603
What is the remainder when 1455 is divided by 55?
25
What is the remainder when 7656 is divided by 22?
0
Calculate the remainder when 7144 is divided by 2381.
1
Calculate the remainder when 1093 is divided by 321.
130
What is the remainder when 81512 is divided by 728?
704
What is the remainder when 12731 is divided by 45?
41
Calculate the remainder when 893312 is divided by 34.
30
Calculate the remainder when 52632 is divided by 3.
0
Calculate the remainder when 56607 is divided by 2021.
19
What is the remainder when 16189 is divided by 368?
365
Calculate the remainder when 474115 is divided by 59264.
3
What is the remainder when 914872 is divided by 325?
322
What is the remainder when 30336 is divided by 15166?
4
What is the remainder when 19176 is divided by 62?
18
What is the remainder when 3916 is divided by 294?
94
What is the remainder when 40965 is divided by 58?
17
Calculate the remainder when 1028307 is divided by 41.
27
Calculate the remainder when 8595 is divided by 116.
11
Calculate the remainder when 4722 is divided by 99.
69
Calculate the remainder when 147792 is divided by 36946.
8
Calculate the remainder when 4131 is divided by 1981.
169
What is the remainder when 374383 is divided by 160?
143
Calculate the remainder when 5863 is divided by 2735.
393
What is the remainder when 401761 is divided by 240?
1
What is the remainder when 317364 is divided by 1483?
2
What is the remainder when 4676 is divided by 338?
282
What is the remainder when 1523 is divided by 891?
632
Calculate the remainder when 23071 is divided by 4429.
926
What is the remainder when 120539 is divided by 72?
11
What is the remainder when 22531 is divided by 323?
244
What is the remainder when 265597 is divided by 200?
197
Calculate the remainder when 10279 is divided by 3405.
64
What is the remainder when 234400 is divided by 412?
384
Calculate the remainder when 111118 is divided by 761.
12
Calculate the remainder when 15019 is divided by 462.
235
Calculate the remainder when 4918 is divided by 120.
118
Calculate the remainder when 112 is divided by 11.
2
What is the remainder when 21384 is divided by 1582?
818
Calculate the remainder when 8320 is divided by 65.
0
What is the remainder when 13843 is divided by 4605?
28
Calculate the remainder when 119857 is divided by 14981.
9
Calculate the remainder when 5672 is divided by 602.
254
Calculate the remainder when 106636 is divided by 155.
151
What is the remainder when 17847 is divided by 968?
423
Calculate the remainder when 899 is divided by 875.
24
Calculate the remainder when 1448541 is divided by 632.
629
What is the remainder when 332216 is divided by 226?
222
What is the remainder when 1308423 is divided by 299?
298
Calculate the remainder when 143694 is divided by 44.
34
What is the remainder when 6794 is divided by 16?
10
What is the remainder when 1588 is divided by 15?
13
What is the remainder when 87795 is divided by 631?
86
What is the remainder when 46229 is divided by 170?
159
What is the remainder when 45157 is divided by 332?
5
What is the remainder when 15796 is divided by 431?
280
Calculate the remainder when 316774 is divided by 5.
4
Calculate the remainder when 49558 is divided by 115.
108
Calculate the remainder when 2099184 is divided by 69.
66
What is the remainder when 2084 is divided by 1127?
957
What is the remainder when 6651 is divided by 3251?
149
What is the remainder when 21589 is divided by 770?
29
What is the remainder when 288339 is divided by 20?
19
What is the remainder when 12642 is divided by 2087?
120
What is the remainder when 4120 is divided by 317?
316
What is the remainder when 1913 is divided by 101?
95
What is the remainder when 27425 is divided by 9130?
35
What is the remainder when 598016 is divided by 362?
354
Calculate the remainder when 12426497 is divided by 20.
17
What is the remainder when 208140 is divided by 39?
36
What is the remainder when 2774 is divided by 1360?
54
Calculate the remainder when 342726 is divided by 59.
54
What is the remainder when 2428867 is divided by 12?
7
Calculate the remainder when 18086 is divided by 3500.
586
What is the remainder when 5651 is divided by 148?
27
What is the remainder when 4085 is divided by 26?
3
What is the remainder when 1006 is divided by 458?
90
Calculate the remainder when 5572 is divided by 2786.
0
What is the remainder when 1026 is divided by 238?
74
Calculate the remainder when 362430 is divided by 1066.
1056
Calculate the remainder when 49547 is divided by 19.
14
Calculate the remainder when 68733 is divided by 174.
3
Calculate the remainder when 4404 is divided by 1088.
52
What is the remainder when 3263 is divided by 3097?
166
What is the remainder when 4846 is divided by 292?
174
Calculate the remainder when 20592 is divided by 248.
8
What is the remainder when 33167 is divided by 19?
12
Calculate the remainder when 2005 is divided by 38.
29
What is the remainder when 29302 is divided by 29299?
3
What is the remainder when 3377 is divided by 1517?
343
Calculate the remainder when 5864 is divided by 1379.
348
What is the remainder when 3528 is divided by 881?
4
Calculate the remainder when 558703 is divided by 595.
593
What is the remainder when 532819 is divided by 721?
0
What is the remainder when 7052 is divided by 164?
0
Calculate the remainder when 13134 is divided by 1860.
114
What is the remainder when 4782556 is divided by 1398?
1396
Calculate the remainder when 6083628 is divided by 1865.
1863
Calculate the remainder when 5958 is divided by 183.
102
What is the remainder when 6590 is divided by 1059?
236
What is the remainder when 3010 is divided by 292?
90
What is the remainder when 1129 is divided by 4?
1
Calculate the remainder when 1574 is divided by 37.
20
Calculate the remainder when 1906477 is divided by 469.
461
What is the 